*2 + 2*t + 1. Let s be j(-6). Let a = -32 - s. What is the tens digit of a?
1
Let h(w) = w**2 + 2*w - 3. Let y be h(-3). Suppose -u - t + 6 = y, 4*t + 8 + 1 = -u. What is the units digit of u?
1
Suppose -3*a - 335 = -2*f + 11, 2*f - 4*a = 348. What is the hundreds digit of f?
1
Let d(r) = -r**2 - r - 13. Let v be ((1 + -1)*-1)/(-1). Let k be d(v). Let h = -7 - k. What is the units digit of h?
6
Suppose r - 3*t - 66 = -11, 0 = 3*t - 6. Suppose -x + r = 23. What is the units digit of x?
8
What is the units digit of (5/(-10) - -1)*2*11?
1
Let j(r) = -r**2 + 6*r - 2. Let u be j(5). Suppose -2*i + 2*x + u = -5, 2*x + 24 = 4*i. What is the units digit of i?
8
Let m be (-76)/(-18) - 4/18. Suppose w + 49 = m*j, -3*w = -3*j + 24 + 24. What is the units digit of j?
1
Suppose 4*d - 35 = -3*d. What is the units digit of d?
5
Let r = 15 - 7. Suppose -j = 4*j. Let c = j + r. What is the units digit of c?
8
Suppose -6*f + 184 + 164 = 0. What is the units digit of f?
8
Let o(k) = 8*k + 36. What is the tens digit of o(6)?
8
Let s = -3 + 2. What is the units digit of s/(-2)*2*7?
7
Let o(v) = -v**3 - 6*v**2 - 5*v + 7. Suppose 0*p = 5*p + 25. What is the units digit of o(p)?
7
Let x(u) = 30*u + 4. Let p be x(-2). Let j = p + 102. What is the units digit of j?
6
Let s(b) be the second derivative of b**5/20 - b**4 + 7*b**3/3 - 9*b**2/2 + 10*b. What is the units digit of s(11)?
4
Suppose d + 6 = 34. What is the tens digit of d?
2
Let l(r) = -2*r**3 + r**3 - r + 1 + 3*r**2 - r**3. Let a be l(2). Let x = 8 + a. What is the units digit of x?
3
Let n be (8/12)/(4/(-18)). Let q be (-10)/(-3)*n/(-2). Suppose -j + 13 - q = 0. What is the units digit of j?
8
What is the tens digit of ((-3)/(-9))/(2/96)?
1
Suppose 0*y = y - 4. What is the units digit of y?
4
Let u(i) = 5*i - 6. Suppose -c - 5*r - 7 = 5, -2*r - 8 = 0. What is the tens digit of u(c)?
3
Let m(a) = 4*a**2 - 2*a + 1. Let b be m(1). Let s be -2*b*-1 + 0. Suppose -s*l = -3*l - 6. What is the units digit of l?
2
Let l(k) = -k + 3*k**3 - 4*k - 2*k**3 - 6 - 7*k**2 + k**2. Suppose 0*d + 14 = 2*d. What is the units digit of l(d)?
8
Suppose -t = 5*u - 71, 10*u - 5*u = 10. Suppose 2*p - 4*f = 16, -2*p - 4*f + t = f. Suppose -2*c - 27 = -5*n + c, -3*c = -2*n + p. What is the units digit of n?
3
Let f = 5 - 5. Suppose 2*j + 0*j = f. Suppose j = -4*w + 3*a + 43, -5*w + 2*a + a = -53. What is the units digit of w?
0
Let f(x) = 7*x**2 - 8*x - 4. What is the tens digit of f(3)?
3
Suppose -3*b + 445 = 4*x - 64, 2*b - 6 = 0. Suppose x = 3*u + 5*r, r = 5*u - r - 198. Suppose i - 22 = -3*h, -4*h + 3*i + u = 7*i. What is the units digit of h?
6
Let k = -14 - -6. Let x(m) = -2*m - 1. Let y be x(4). Let i = k - y. What is the units digit of i?
1
Let d be 48/22 - 2/11. Suppose 2*x + 3*a = 12, -x + 8 = -2*x + 2*a. Suppose x*m + d*m - 10 = 0. What is the units digit of m?
5
Suppose -5*l + 48 = -3*n - 0*n, 2*n = -l + 7. Let i = 5 + l. What is the units digit of i?
4
Let z(a) be the second derivative of -a**4/12 + 5*a**3/6 + 3*a**2 + 2*a. Suppose 2*i - 13 = -2*g + 5*i, -5*i - 10 = -g. What is the units digit of z(g)?
6
Let p be ((-10)/6 - -1)*3. Let r be (2 + p)/(-1*2). Suppose 0 = 2*f + 2*x + 4, r = -5*f - 2*x + 7*x + 30. What is the units digit of f?
2
Let t(m) = -2*m + 30. What is the tens digit of t(-20)?
7
Let g(f) = f**3 + 6*f**2 - 2*f + 4. What is the units digit of g(-6)?
6
Let k be ((-24)/2)/4 + 87. Suppose 5*d + k = 9*d. What is the units digit of d?
1
Suppose 2*p + 5*n + 172 = 4*p, 4*n = 3*p - 265. What is the tens digit of p?
9
What is the units digit of 7 + (-8)/((-8)/3)?
0
Suppose -5*s = 3*l + 2*l - 115, 5*s + 4*l = 110. Suppose -17*y = -s*y + 16. What is the units digit of y?
6
Suppose w - 10 - 27 = 0. What is the tens digit of w?
3
Suppose -3 + 78 = 5*r. Suppose 5*u = 0, r = 3*m - 0*m - 3*u. Suppose 3*k - 5 = -w, k = m*w - 9 - 32. What is the units digit of w?
8
Suppose 52 = -5*v + 2. Let c be (-16)/v*(58 - 3). Suppose -5*o = -c - 7. What is the units digit of o?
9
Let z = -1 - -11. Suppose 3*t + 3*l = 24, 5*t + z = 5*l - 0. Suppose t*w - 6 = 18. What is the units digit of w?
8
Let r(z) = 5*z - 9. What is the units digit of r(4)?
1
What is the hundreds digit of 2/3 - (-4 + (-1146)/9)?
1
Let u(t) = -t + 8. Let x be u(7). Let n be 6/x - (2 - 1). Suppose n*c - 4 = 3*c. What is the units digit of c?
2
Let g(w) be the first derivative of 3*w**4/4 - w**3/3 + w**2/2 - w + 4. Let j = 0 + 1. What is the units digit of g(j)?
2
Suppose 4*i - 4*o = 23 + 1, 0 = 5*i - 4*o - 27. Suppose -i*j - 3 = 9. Let f = 2 - j. What is the units digit of f?
6
Suppose -2*u = 9*u - 2706. What is the units digit of u?
6
Let j be (-1 + 5)/((-2)/(-7)). What is the tens digit of (-41)/(-2) - (-7)/j?
2
Let b = 22 - 13. Suppose -b = t - 40. What is the tens digit of t?
3
Suppose y - 69 = 3*p, 5*y + p - 5*p - 334 = 0. Suppose 6*h + 3*d = 2*h + 88, 4*d = -3*h + y. What is the tens digit of h?
2
Let a = -2 + -9. Let g = a + 3. Let i = g - -18. What is the units digit of i?
0
Let j(o) = -o**2 + 2*o + 6. Let z be (2/5)/((-2)/(-30)). Let c be j(z). What is the units digit of (-4)/c - (-115)/9?
3
Suppose 0*l = 5*l - 375. Let c be l/10*(-4)/6. What is the units digit of (-4)/1*c/4?
5
Let t be (-1 - 0)/((-13)/1300). Suppose 5*r + 4*j - t = 0, -j - 85 = -5*r - 2*j. What is the units digit of r?
6
Suppose -20*a = -4*a - 2784. What is the hundreds digit of a?
1
What is the tens digit of ((-138)/(-8))/(27/72)?
4
Suppose 3*f + 0*f = 15. Suppose 3*x = -4*d + 14 + 85, -f*d + 15 = 0. What is the tens digit of x?
2
Suppose 4*p - 2 = 2. Let o(l) = 4*l + 1. What is the units digit of o(p)?
5
Let u be 16/(-72) - (-128)/9. Suppose 2*h + u = 3*h. What is the tens digit of h?
1
Let v = -12 + 18. What is the units digit of ((-16)/v)/(4/(-30))?
0
What is the hundreds digit of (5 + 1)*69/2?
2
Let v be (-48)/(-9) - 1/3. Suppose 5 = 5*i - 0, 3*i - 63 = -v*d. What is the tens digit of d?
1
What is the tens digit of 1/(-2)*(-18 + -12)?
1
Let n = 31 - 20. What is the units digit of n?
1
Suppose r = 3*f + 6 + 3, -5*f - 5*r = -5. Let s be (-5 - -3)/(f/5). Suppose -5 = s*k - 70. What is the tens digit of k?
1
Suppose o - 5 = 0, 8*d - 192 = 4*d - 4*o. What is the tens digit of d?
4
Let q = -74 - -123. Suppose q = 3*n + 4. What is the units digit of n?
5
Let w(a) = -a + 6. Let c(d) = -d + 5. Let l be c(5). Let q be w(l). Let y(m) = m**3 - 6*m**2 + m + 6. What is the units digit of y(q)?
2
Let g(l) = 3*l**2 - 1. Let u(i) = i**2 - 3*i - 5. Let b be u(5). Suppose -4*d + 9*d = b. What is the units digit of g(d)?
2
Let m(p) = p + 7. Let b be m(0). What is the units digit of b*(-2 - -3)*5?
5
Let b be (-2 + 2)*3/3. Suppose b = 4*n - 28 - 24. Suppose -2*i + 18 = -a, -3*i + 2*i - n = 5*a. What is the units digit of i?
7
Let f = 27 - 16. Suppose -l = -3*g - 1 + 2, -f = -l - 3*g. Suppose l*h - 23 - 22 = -4*i, -2*i = -3*h + 5. What is the units digit of h?
5
Suppose -y - 4*y = -15. Suppose 2*h + 11 = y*h. What is the tens digit of h?
1
Let c be ((-1)/4)/((-2)/8). Let w be 5/((1 - 0)/c). Suppose -2*d + 14 = -q + w*q, q - 3*d - 21 = 0. What is the units digit of q?
6
Let q(n) = 130*n**2 + n + 2. What is the hundreds digit of q(-1)?
1
Suppose -5*l - 5 = 5*w, -3*l + 37 = 4*w - 9*w. Let k be (-5)/w + 6 + 0. Suppose 2*o + 0*q + 2*q - 8 = 0, -o - 4*q + k = 0. What is the units digit of o?
3
Suppose -3*q + 9 = -3. Suppose -q*u = 3*m - 43, -3*m = -u - 0*u - 8. What is the units digit of u?
7
Let c = 75 - 125. What is the tens digit of (-1)/(2/1)*c?
2
Let j(p) = p**2 + 2. Let q be j(0). Suppose 0 = -q*y + 25 + 23. What is the tens digit of y?
2
Let r(k) = -k**3 - 5*k**2 - 4*k - 2. Suppose -3*l - 6 = -2*y, 0 = 5*l - y - 7 + 24. Let z be r(l). What is the units digit of ((-4)/(-20))/(z/(-10))?
1
Let n(m) = 3*m**2 + 16*m - 10. What is the tens digit of n(-9)?
8
What is the hundreds digit of (-768)/(-7) - 4/(-14)?
1
Suppose 178 = 3*i + 52. What is the tens digit of i?
4
Let l = 18 - 14. Suppose l = -3*t + 151. What is the tens digit of t?
4
Let t(z) = z**3 + 6*z**2 - 2*z. Let l be t(-6). Let p = l + -2. What is the units digit of p?
0
Let i(s) = 16*s**2 + 1. Let a(m) = m**3 + 3*m**2 + 2*m + 1. Let o be a(-1). What is the units digit of i(o)?
7
Let l(y) = 2 - y - 3 + 2*y. Let h be l(4). Suppose 5 = -h*o + 32. What is